*v. Is j(v) a composite number?
False
Suppose 0 = 3*j - 4*t - 144 - 6, 2*j - 5*t - 107 = 0. Suppose 0 = -3*y - 4*q + 48861, 51*q + 15 = j*q. Is y prime?
False
Suppose 3*w - 7*w = 5*m - 25, w + 2*m = 10. Suppose 33*n - 40*n + 15897 = w. Is n composite?
True
Let u(q) = q**2 + 17*q + 47. Let y be u(-14). Suppose -5*d + 3*w + 26317 = 0, -2*d = -d + y*w - 5241. Is d prime?
True
Let w = 1065220 + -495899. Is w prime?
True
Let x(l) = -4*l**3 + 2*l**2 + l. Let m be x(-1). Suppose -2 + m = g. Suppose -p - 6 = -i - 62, 0 = -5*p - g*i + 304. Is p prime?
True
Suppose -15*x + 14*x + 40534 = 0. Suppose 2*c + 0*c - 60801 = -3*w, 3*c = -2*w + x. Suppose 0*m + 13*m - w = 0. Is m composite?
False
Let l = -292890 - -800351. Is l composite?
False
Let i be 6/10 + (-138)/5. Let j be (-7)/9 + 1 - (-60)/i. Is 474*(-20)/(-15) - (j - -1) composite?
True
Suppose -3*k + 33004 = w, 4*w - 52*k - 131956 = -54*k. Is w composite?
True
Let m(o) = 2*o**2 - 2*o. Let n be m(1). Let s be 262/1 - n/2. Let p = 69 + s. Is p a prime number?
True
Suppose 9*x - 1763 = -4445. Let o = x - -675. Is o prime?
False
Suppose -46*o - 3*h = -51*o + 16, 0 = -3*o - 5*h + 30. Suppose 0 = -o*p + 9*p - 17084. Is p a composite number?
False
Suppose -u - 570 - 5 = 0. Let o = 1978 + u. Is o prime?
False
Let j(h) = 2*h**2 + 3*h - 5. Suppose 3*z - 4*c - 29 = 0, -5*c + 19 = -2*z - 10*c. Let t be j(z). Suppose 822 = -19*a + t*a. Is a composite?
True
Let m be -8*(-4 - (-5 + 2)). Suppose 3*t = m + 1. Suppose j + 2*s + 47 = 1036, s = -t*j + 2952. Is j a composite number?
False
Is (5 - 12)/14*(-8 + 18 - 1243088) a composite number?
True
Let r(o) = 40*o**2 + 3*o - 12. Suppose 0 = 3*i - x - 13 - 1, -4*i - x = -7. Suppose i*h = 4*s + 3, 0*h - 3*h = -2*s - 9. Is r(h) a prime number?
False
Let l(j) = j**3 + 24*j**2 + 20*j - 15. Let x be l(-22). Suppose 2*u = -2*g + 28230, 0 = -u + 3*g + 13594 + x. Is u a composite number?
True
Let c be 6/(-9) - (-2 + 24/18). Suppose 14*q - 100295 - 701 = c. Is q prime?
False
Let c = 139 - 140. Is c - 2*-1094 - (3 + 1) a prime number?
False
Suppose 28*h - 35 = 21*h. Suppose 3*o = -l + 28 + 14, -4*o - 5*l = -45. Is (21/h - 4) + 35127/o a composite number?
True
Let q(u) = 235*u - 25. Let b(o) = 2*o**2 - 39*o + 24. Let w be b(19). Let v be q(w). Let t = 559 + v. Is t prime?
True
Suppose -k - 49279 = -4*h, -21*h - k + 36954 = -18*h. Is h a composite number?
True
Let a be (-7968)/1 + 12/48*-4. Let t = a + 13748. Is t prime?
True
Suppose 6*u = 4*u - 2*z + 31080, -3*u - 4*z + 46620 = 0. Suppose x + 6211 = 2*y, u = -0*y + 5*y - 5*x. Is y composite?
True
Let a(s) = 5*s**3 - 2*s**2 + 2. Let w be a(1). Is 22959/5 - 4/w prime?
True
Let i(g) = -218*g + 38*g + 72*g - 31 + 28*g. Suppose 5*y + 8 = -22. Is i(y) composite?
False
Is (-72)/168 - 796480/(-14) a composite number?
False
Suppose 11*r - 2157219 = -92222. Is r a prime number?
False
Let m be -90 + (3 - 0)/(4 - 1). Let t = 92 + m. Suppose -5*j = -s + 2546, 3*s - t*j - 2536 = 2*s. Is s a prime number?
True
Let i = 23490 - 10333. Is i prime?
False
Suppose -40*z + 353165 - 24639 + 367434 = 0. Is z composite?
True
Let o(m) = -2*m**3 + m**2 - 21*m + 64. Let n be o(5). Let y(j) = -1249*j**3 - j - 1. Let u be y(-1). Let z = u + n. Is z prime?
True
Suppose 0 = 35*a - 84 + 294. Let g(n) = 727*n**2 + 20*n + 127. Is g(a) prime?
False
Let r(b) = b**3 + 7*b**2 - 5*b + 26. Let n be r(-8). Let c(l) = -7 + 343*l + 30 - 344*l + 5*l**n. Is c(8) prime?
False
Let f be (-7842)/(-2) + (0 - -4) + -4. Suppose -f = -i + 1698. Is i prime?
False
Let b be (19 - 19)/(-1 - 0). Suppose 7*s - 18368 - 3171 = b. Suppose -l + 2*i - 7*i + 3098 = 0, l - s = 2*i. Is l prime?
True
Let w be 140/42*8994/(-5). Let l = w - -10827. Is l a prime number?
True
Let r(w) = 1541*w**3 + 16*w**2 - 114*w + 271. Is r(6) a composite number?
False
Is (-108)/(-405) - (-8253764)/60 a composite number?
True
Is (9/18 - (-5 + (-9)/(-2)))*426383 composite?
False
Let b(q) = 4*q + 20. Let s be b(5). Let v = 43 - s. Suppose -v*g = -5*g + 166. Is g a composite number?
False
Suppose 9*i = 161 - 521. Is ((-1)/(-1) + 1)/(i/(-40780)) a prime number?
True
Let v = -50 - -45. Let z be (v/10)/(4/(-8)). Is (z + 4 - 2) + 160 composite?
False
Suppose 66*z - 42*z = 1238762 + 723262. Is z a composite number?
True
Let y(q) = -6*q**3 + 3*q - 3. Let f be y(1). Let l(o) = -920*o - 5. Is l(f) composite?
True
Let f(i) be the first derivative of -9*i**2 + 37*i - 14. Is f(-37) composite?
True
Suppose 7*p - 9 = 4*p + q, -5*p - 2*q = -4. Suppose 5*l - o + 4*o - 25 = 0, 12 = -4*l + 4*o. Suppose 0 = p*x - 8 + 2, -l*x = m - 385. Is m a prime number?
True
Let k = -38313 - -69956. Is k a prime number?
True
Suppose -8 = 2*x - 12. Let g be 1 + 8 + -4*1. Suppose -i - 5*f + 185 = -69, 1247 = g*i + x*f. Is i prime?
False
Suppose -7*y = -y - 24. Let k be 72/(-10)*(426 + y). Let c = -2141 - k. Is c a prime number?
False
Suppose -118*b + 169350697 = 67*b + 78*b. Is b a composite number?
False
Let w be (-272)/(-44) + (-2)/11. Suppose -312 - 3324 = -w*i. Let m = i - 395. Is m a prime number?
True
Let n = -83626 + 158037. Is n prime?
True
Let n = 29 + -25. Suppose -8*c + 8 = -n*c. Is 1213 + c/2 + 5/(-5) composite?
False
Let f(t) be the second derivative of 7*t**5/4 - t**4/2 + 3*t**3/2 - 21*t**2/2 + t + 36. Is f(5) composite?
True
Let v = 261 + -261. Suppose 0 = -5*b - p + 5855, -b + 1171 = -v*b + p. Is b a composite number?
False
Let o(s) = 2*s - 32. Suppose 62 = 10*n - 108. Let b be o(n). Is 42/(-28) + 809/b composite?
True
Suppose 0*a - 3*h + 4206 = a, 12593 = 3*a + 4*h. Suppose -1397 = -w - 3*q, 0 = 2*w - 5*w + 4*q + a. Is w composite?
True
Is 68447*186/12 - (-3)/(-2) composite?
True
Let u(k) = -49236*k + 845. Is u(-6) prime?
False
Suppose 120786385 = 278*w - 26909733. Is w composite?
False
Let j be ((-1)/(-3) - 0)*(0 - -24). Let c(b) = 6*b**2 + 4*b + 10. Let r be c(j). Suppose -2120 = -14*s - r. Is s a prime number?
False
Let g(v) = v**2 + 6*v + 17. Let i be g(-4). Suppose 2*o + 0 = -4*z + 10, 3*z + o = i. Is (z - 57/(-3))*2 prime?
False
Suppose 5*a + 3*n = -72, a + 40 = -a - 4*n. Let c be (a + 12)/((-10 - -1)/(-3)). Suppose -3*l + 5*u + 1588 = 0, -l - 2*u + 511 = -c*l. Is l a composite number?
False
Let s = -256974 - -639043. Is s a prime number?
True
Suppose 0 = f - 151454 + 29611. Is f a composite number?
False
Let f be 4/((-4)/(-3)) + (-21 - -20). Let b be 2 - 12*((-3)/(-2) - f). Is 2/b - (-49137)/44 prime?
True
Suppose 0 = -2*o - 2*f + 6464, 13 - 11 = -2*f. Is o prime?
False
Suppose -g = g - 14. Let l be (-17235)/(-21) + 2/g. Is -1 + l - (3 + -4) a composite number?
False
Suppose -13*k - k - 56 = 0. Let c(h) = -h + 2. Let w be c(k). Is (w/(-4))/((-666)/(-668) + -1) a composite number?
True
Let v = 2454 - -5115. Let t = -4848 + v. Is t a prime number?
False
Let i(d) = d + 6. Let t be i(-7). Is 3 + (2 + t)*(8514 - 4) prime?
True
Is 176170 - (2 + -3) - (3 + -11) composite?
False
Let a = -43 - -51. Let j be (-22)/(-4) - 4/a. Suppose -2*p = l - 666, 2*l - 37 - 1630 = -j*p. Is p a composite number?
True
Suppose -3*n = 5*s + 3 + 2, -3*n - 3 = 3*s. Is (-97779)/(-22)*(s + (-5)/(-3)) prime?
True
Let f(t) = -33*t**3 - 7*t**2 - 172*t + 15. Is f(-17) a prime number?
False
Suppose p + 6*b - b - 307473 = 0, -4*p + 4*b = -1229940. Is p composite?
True
Let h be (9 - 11)/(2 + 0)*0. Is 1946 + 6/4*-2 + h composite?
True
Let i = -27 + 19. Let x(n) = -3*n**2 - 2*n - 3. Let l(c) = -c**2 - 1. Let g(y) = -6*l(y) + x(y). Is g(i) prime?
True
Let l be (-4591)/(-4) + ((-6)/(-8))/3. Let x = 2675 - l. Is x a prime number?
False
Is (336/(-1680))/(1/(-1329035)) a prime number?
True
Let m be 1/2*(-9032 - 2). Let s = -2584 - m. Suppose -2*a = 5*q - 1754 - s, -2*q - 4*a = -1478. Is q prime?
False
Let l(n) = -n**3 + 12*n**2 + 12*n + 5. Let k be l(13). Let p be ((-4)/k)/((-1)/(-68)). Suppose 32*w = p*w - 22. Is w composite?
False
Let m(t) = -12 - 4 - 23 + 1 + 17*t. Let f(o) = -o**3 - 5*o**2 - 3*o - 6. Let v be f(-5). Is m(v) a prime number?
False
Let r be 0 - -2 - (0 + -3 + 3). Is (r + (-28)/8)*(-130352)/24 a composite number?
False
Let m = 51241 - 15572. Is m composite?
True
Is (113491/(-14))/(-31)*958 prime?
False
Suppose 4*n - 20 = 0, -2*i - 3*i + 25 = -4*n. Let v be i/(-18)*(1 + -779). Suppose 80*p - 81*p + v = 0. Is p prime?
True
Let i = -119692 + 282377. Is i a pri